f f?
4
Suppose 24439825 = 353*b - 17049819 + 13284238. What is the thousands digit of b?
9
Let y be (18/(-6) - 1) + 7. Suppose 300 = y*l - 1449. What is the units digit of l?
3
Let t be (2 - 0)*(653 + 15). Suppose 2*l = -2*v + t, 4*v + 3*l - 2660 = 2*l. What is the tens digit of v?
6
Let s(z) = 46 + 36 - 19*z + 14*z**2 - 95. What is the hundreds digit of s(5)?
2
What is the ten thousands digit of 23405/((-6)/((-54)/9))?
2
Let u = 12 + -28. Let g(r) = -5*r**2 + 5*r + 10. Let n be g(5). Let k = u - n. What is the units digit of k?
4
What is the thousands digit of (-226844)/(-16) + (-11 - (-540)/48)?
4
Suppose -1183*c - 15684 = -1189*c. What is the tens digit of c?
1
Let r be (7/(70/(-44)))/(2/(-10)). Suppose -2*t - 4*d + r = 104, -4*d = -8. Let g = t - -145. What is the units digit of g?
0
Suppose 149 = m - 23. Let i = m + 46. What is the tens digit of i?
1
Let p(t) = 128*t**2 - 4*t - 4. Let m be p(-2). Suppose -7*y + 4*y + m = 0. Let z = y - 86. What is the tens digit of z?
8
Let a = -16 + 21. Let j be a/(1 + -1*2/4). Suppose -5*z - j = -290. What is the units digit of z?
6
What is the ten thousands digit of ((-41)/615 - 13/30)/((-4)/208152)?
2
Suppose -2*g + 11 - 111 = -4*u, 5*g = 4*u - 94. Suppose u = 5*r - 14. Let o = r + 49. What is the tens digit of o?
5
Suppose -5*x = -3*q + 75, 0*x = -4*q - x + 77. Suppose 12 - q = -2*p. Suppose 0*l + p = 3*l - 2*w, l - w = 0. What is the units digit of l?
4
Let l(r) = 4379*r**2 + 2*r - 7. What is the tens digit of l(-1)?
7
Let v = -5 + -75. Let f = 86 + v. What is the units digit of (f + -2)*387/36?
3
Let c = 19212 + -8481. What is the units digit of c?
1
Suppose 87023 = 5*t - 19*s + 15*s, -2*s = 4. What is the ten thousands digit of t?
1
Suppose 59*l + 84 = 63*l. Suppose -l*r = -26*r + 750. Suppose 4*i - r = -i. What is the units digit of i?
0
Let v = -24052 + 72374. What is the thousands digit of v?
8
Suppose 61*q = -43*q + 124*q - 173560. What is the units digit of q?
8
What is the tens digit of ((-34578)/21)/(8/98)*14/(-21)?
4
Let j be 8 + -12 + ((-82)/(-1))/2. Let c = -91 + j. Let s = c + 245. What is the tens digit of s?
9
Let h = 9832 - 3044. Suppose 0 = -11*o + 780 + h. What is the tens digit of o?
8
Let p = 13525 - 8344. What is the hundreds digit of p?
1
Suppose 3*m + 4*l - 20 = m, -m - 4*l + 20 = 0. Suppose m = 4*p - 838 - 250. What is the units digit of p?
2
What is the units digit of ((-105865)/(-9))/1 + 34/153?
3
Suppose 2*y = 5*m - 60329, -2*m + 117*y = 118*y - 24128. What is the hundreds digit of m?
0
Suppose -4*d - 7 = -4*q - 3, -8 = -2*q - 4*d. Suppose r + v = -q*v - 9, -3*r = 5*v + 47. Let t(k) = k**3 + 23*k**2 - 26*k + 51. What is the units digit of t(r)?
9
What is the hundreds digit of (1327/(-5))/(10/(-600)*3)?
3
Let c be 268/(-201) - 254/3. Let h be (75/2)/(-3)*-14. Let j = h + c. What is the tens digit of j?
8
Let h(l) = -2*l**3 + 4*l - 1. Suppose -6*y = -3*y + 96. Let w = 29 + y. What is the tens digit of h(w)?
4
Let z = 1042 - 140. Suppose 4*b - z = 1498. What is the tens digit of b?
0
Suppose -2*j = s - 24564, -16*s - 2*j + 49120 = -14*s. What is the tens digit of s?
5
Let g(r) = -90*r**3 + r**2 + r. Let w be 2/(-4) + 24/16. Let o be g(w). What is the tens digit of (-3 - o) + 0/(-4)?
8
Let r = -164 + 167. Suppose 5*z + r*k = -0*z + 1748, 0 = -4*k + 4. What is the tens digit of z?
4
Suppose -44 - 26 = -10*u. Suppose -636 - 4159 = -u*n. Suppose -2*w + 913 = 4*k + w, -2*w + n = 3*k. What is the tens digit of k?
2
Let m(f) = 3706*f - 3650. What is the ten thousands digit of m(5)?
1
Let n(s) = 4*s + 88. Let d be n(-22). Suppose 4*y - 559 = -5*l + 756, 3*y + 3*l - 984 = d. What is the tens digit of y?
2
Let t be ((-2)/(-7)*243)/((-37)/(-259)). Suppose 3*i - 186 + t = a, 0 = -3*a - 3*i + 912. What is the tens digit of a?
0
Let q be (-1 - 6) + 1352/(-4). Let w(t) = -4*t**2 + 8*t + 3. Let f be w(-6). Let p = f - q. What is the units digit of p?
6
What is the tens digit of ((-25500)/(-42))/((-2925)/210 - -14)?
0
Suppose -30*r + 3 = -33*r. Let a be -9*r/(-12)*(-4 - 0). What is the units digit of (-1 + a)*1*(-54)/(-4)?
7
Let n be (90/3)/(2/3). Suppose -n*o - 3628 = -17533. What is the tens digit of o?
0
Suppose -160*i = -156*i - 4*l - 31392, 2*i = -3*l + 15666. What is the thousands digit of i?
7
What is the units digit of 9/(-6) + 2 + 0 - (-6460025)/286?
8
Suppose y = -3*a - 10, 3*a + a = -y - 14. Let j be a/(-1) + -4 - -5. Suppose -n = -4*x - 85, n - j*n + 4*x + 328 = 0. What is the tens digit of n?
8
Suppose -2*d - 4*v - 16 = 0, 5*d + 9 = 2*d - 3*v. Suppose -174 = 4*r - d. Let m = r + 80. What is the units digit of m?
7
Suppose 13*w - 577571 = -32*w + 817609. What is the units digit of w?
4
Let v be 8/(24/(-15)) + 1763. Suppose 262 = 5*i - v. What is the tens digit of i?
0
Suppose -62*c - 245 = -123*c + 60. Suppose -33 = -3*s - 3. What is the tens digit of 166*1*c/s?
8
Let w = 24 + -30. Let t be 1*w/5*900/(-54). Let b(i) = 14*i - 66. What is the tens digit of b(t)?
1
Suppose -3386473 = -248*l + 1060415. What is the thousands digit of l?
7
Suppose -2*u + u + 4*r = -161, 4*u + 3*r - 606 = 0. Suppose 10*s = -127 - u. Let p = s - -53. What is the units digit of p?
5
Suppose 4*y - 922 = -914. Suppose -y*u - 5157 = -11*u. What is the tens digit of u?
7
Let f = 29 - 32. What is the tens digit of ((-357)/28)/(f/8)?
3
Let i = 3316 + -1976. Let j = i - 618. What is the tens digit of j?
2
Let c = 1245 + -770. Suppose 477 = d + 5*j, 0 = -4*d - 2*j + c + 1433. What is the hundreds digit of d?
4
Let n(v) = -992*v + 2489. What is the thousands digit of n(-3)?
5
Suppose -5*p = -3*i - 50, i - 14 = -2*p - 5. Suppose p*c - 244 = 841. What is the hundreds digit of c?
1
Let z(o) = 47*o - 22*o + 29*o - 8. Let s be z(7). What is the tens digit of (s/15)/(2/3)?
3
Let o(m) = 210*m + 163. Let b(x) = x**2 - 13*x - 137. Let h be b(20). What is the units digit of o(h)?
3
Suppose 227670 = 5*u + 2*y - 3*y, u + 3*y - 45518 = 0. What is the tens digit of u?
3
Suppose -3*z = 4*q - 13327, 4*q - 4*z = 3*q + 3346. Suppose 5171 = 7*b - q. What is the units digit of b?
5
Let a(w) = -w**2 + 9*w - 13. Let i be a(3). Suppose 0 = i*g + 1068 - 3393. What is the units digit of g?
5
Suppose -6*f - 70 + 664 = 0. Suppose -3*i = i + 236. Let j = f + i. What is the tens digit of j?
4
Suppose -506 = -20*i + 274. What is the hundreds digit of 6/(-2) + (222 - i)?
1
Let l be 2/7 - 95/(-35). Suppose 0 = l*j - 6*j + 1272. What is the units digit of j?
4
Let r(p) = 47*p**3 - 4*p + 4. Let s be 4/(-2 + 1)*22/(-44). What is the tens digit of r(s)?
7
Suppose 13*m - 15*m + 30894 = -4*k, 4*m = -2*k + 61758. What is the tens digit of m?
4
Suppose -2299 - 1531 = -4*z + 2*v, 3*z - 5*v - 2869 = 0. Let o = z + 139. What is the thousands digit of o?
1
Let d = -3170 + 14183. What is the thousands digit of d?
1
Suppose -22*k = -3*p - 23*k + 24875, -3*k + 33160 = 4*p. What is the units digit of p?
3
Let d(q) = 51*q + 50. Let c be d(-11). Let a = -209 - c. What is the tens digit of a?
0
Let f be (-75585)/(-90) + (-4)/(-24). Suppose -3*n = -5*x - n + 4203, -n - f = -x. What is the tens digit of x?
4
Suppose -31430 = -8424*f + 8414*f. What is the hundreds digit of f?
1
Suppose -y - 1045 = -2*u + 7841, -y = 4*u - 17748. What is the tens digit of u?
3
Let c(m) = -3152*m + 306. What is the tens digit of c(-11)?
7
Let j be -4 + ((-6)/(-27) - 10434/54). Let t be 3 - 1 - (1 - -340). Let g = j - t. What is the units digit of g?
2
Let a = -3103 + 3183. Let v be (-1083)/(-6) - 2/(-4). Let h = v - a. What is the units digit of h?
1
Let o be 108437/21 - -5*(-6)/45. Suppose 0 = 12*i - o - 1773. What is the tens digit of i?
7
What is the tens digit of 8985 - (-2 + -4)*(-3)/(-2)?
9
Let a(p) = -p**2 - 10*p + 82. Let i be a(-24). Let t = -184 - i. What is the units digit of t?
0
Suppose -41 = -4*i - 7*p + 2*p, -5*i + p + 15 = 0. Suppose -i*t = t - 4225. What is the tens digit of t?
4
Suppose -5*r + 150 = -v, -r + 14*v - 18*v + 30 = 0. What is the units digit of 6626/r + 2/15?
1
Suppose 6*o - 3*o = 321. Suppose 3*v - 40 = o. What is the units digit of v?
9
Let n = 9489 + -193. What is the thousands digit of n?
9
Let a(x) = 8*x**3 + 2*x**2 + 9*x + 23. Let t(l) = -23*l**3 - 5*l**2 - 27*l - 68. Let p(c) = -17*a(c) - 6*t(c). What is the hundreds digit of p(5)?
2
Suppose -3*u